f = 10 - 22. Suppose 2*b + f*b = 15. Suppose 0 = 4*u - b*c - 76, 4*u - 4*c + 38 = 114. What is the tens digit of u?
1
Let c = -4 - 0. Let w be -44 - (-2)/(c - -2). What is the units digit of -2*(w/6)/3?
5
Suppose 2 + 4 = 2*x. Suppose -2*s = -5*a - x, 0*s - a = -2*s + 7. Let f(n) = 2*n. What is the units digit of f(s)?
8
Let z = 1546 + -1384. What is the tens digit of z?
6
Let s(x) = x**2 + 9*x + 17. Let p be s(-6). Let o(v) = -46*v - 2. What is the units digit of o(p)?
4
Let y = 6490 + -4576. What is the tens digit of y?
1
Let q = 11 - 9. Suppose -q*x - 54 = -5*x. Let z = x - 11. What is the units digit of z?
7
Let k(d) be the first derivative of -12*d**2 - 39*d - 33. What is the units digit of k(-5)?
1
Suppose -3*z = -u - u + 14, -2*z - 9 = -u. Let p be (-2)/((-3)/(-6) - u). Suppose 0*j - 26 = -p*v - 2*j, 4*j + 2 = v. What is the units digit of v?
6
Let k(q) = 28*q - 3. Let d be ((-92)/161)/(4/(-14)). What is the units digit of k(d)?
3
What is the hundreds digit of 23/(-6 - -5)*-107?
4
Let w = 61 + -62. What is the tens digit of (-26)/(-1)*(-2 - (w - 2))?
2
Let h be 5*((15 - 0) + -2). What is the tens digit of h - 5/(25/10)?
6
Let w = -16 + 9. Let q = w + 17. What is the units digit of q?
0
Suppose 2*u + s - 500 = 0, 4*s - 650 = -4*u + 350. What is the hundreds digit of u?
2
Let a(r) = -r - 1. Suppose -3*i - 13 = -55. Let n be a(i). Let l = n + 38. What is the units digit of l?
3
Let p(a) = -8*a**2 - 7*a + 3. Let z(x) = -9*x**2 - 8*x + 4. Let w(q) = -5*p(q) + 4*z(q). Suppose 48*d = 45*d - 9. What is the tens digit of w(d)?
2
Suppose 4*d = -5*a + 4, a + 4*d + 4 + 8 = 0. Suppose 0*w = a*w - 8. Suppose 86 = 7*g - w*g + q, 2*q = -8. What is the tens digit of g?
1
Suppose 7795 + 5561 = 18*d. What is the tens digit of d?
4
Let i(v) = 5*v + 49. Suppose 8*b = 111 + 1. What is the hundreds digit of i(b)?
1
Let c = 482 - 344. What is the hundreds digit of c?
1
Let r = -40 - -63. What is the tens digit of r?
2
Let m(o) = 5*o**3 - 9*o**2 + 4*o + 1. What is the hundreds digit of m(8)?
0
Let f = 2354 - 1484. What is the tens digit of f?
7
Suppose -133*c + 127*c = -11544. What is the thousands digit of c?
1
Suppose -14*y + 9*y = -4*l - 11361, -3*y + 6823 = 4*l. What is the hundreds digit of y?
2
Let a(d) = -34*d**3 + d**2. Let v(u) = -2*u**2 + 5*u + 3. Let o be v(4). Let y be 4/(-10) - o/(-15). What is the tens digit of a(y)?
3
Let h = 1082 - 541. What is the tens digit of h?
4
Let v = 241 + 221. What is the units digit of v?
2
Suppose -5*h = -f - 3275, 9*f + 2641 = 4*h + 4*f. What is the tens digit of h?
5
Suppose 4*q = 2*q - 6. What is the units digit of (-36)/(-20)*(-10)/q?
6
Suppose -3*y - 3*j + 24 = 0, -2 + 24 = 4*y + 2*j. Suppose h - 184 = -y*h. Suppose h = 3*o - 2*o. What is the units digit of o?
6
Let o(f) = f**2 - 9*f - 7. Let n be o(10). Suppose -a = 4*s - 135, 102 = n*s - a + 2*a. What is the units digit of s?
3
Suppose -z - 5 = -6*z. Suppose -3*b = 3*d + 6, 2*d = 5*b + z + 2. Let m(u) = -25*u**3 + u**2 + 2*u + 1. What is the tens digit of m(d)?
2
Let b(s) = -579*s - 865. What is the units digit of b(-5)?
0
Let x = 157 - 108. Suppose u - x - 24 = 0. What is the tens digit of u?
7
Let q(f) = f**3 - 8*f**2 + f + 3. Let v(b) = -b. Let j(r) = -q(r) - 3*v(r). What is the tens digit of j(7)?
6
Let p(o) = o + 30. Let h = -8 - -8. Let k be p(h). Let l = k - 9. What is the units digit of l?
1
Let i be 1/4 - (-69)/12. Let f(n) = 2 + i + n - 3. What is the units digit of f(7)?
2
Suppose -5*x + 1096 = 2*p, 4*x - 253 - 289 = -p. What is the hundreds digit of p?
5
What is the units digit of 2605/6 + 12/(-72)?
4
Let a = 1 + -6. Let j = -5 - a. Suppose 0 = 2*i - 2*y - 20 - 8, -5*i + 2*y + 85 = j. What is the units digit of i?
9
Suppose 8*s - 29 = 11. What is the tens digit of 3 - (-1 + s - 624/3)?
0
Let u(g) be the first derivative of 20*g**3/3 - 7*g**2 + 8*g + 55. What is the tens digit of u(4)?
7
Let y = 0 + 4. Let n be y - 2 - 0/1. Suppose 3*t - n*t = 51. What is the units digit of t?
1
Let z be (-3)/(12/(-44)*1). Suppose h = -5*p + 2*h + 47, p - h - z = 0. What is the units digit of p?
9
Let i be ((-6)/(-9))/(2/21). Suppose -i = 2*x + a, -4*x + 3*a - 2*a + 1 = 0. What is the tens digit of -9 + 12 - 10/x?
1
Suppose 12 = 14*l - 10*l. What is the tens digit of (-11)/((-1 - l)/8)?
2
Let s(a) = -5*a**2 + 8*a - 28. Let r be s(5). Let q = r + 141. What is the tens digit of q?
2
Suppose -4*p + 0*p + 28 = 0. Let s be (-2)/(-6) - 1002/(-18). What is the units digit of 220/p + 32/s?
2
Let o be -1*5/(15/(-6)). What is the tens digit of 2/o - (-4 + -21)?
2
Let s(g) = 8*g**3 + 2*g**2 + 4*g - 34. What is the thousands digit of s(5)?
1
Let b(a) = -a**3 - 3*a**2 + a - 8. Let m be b(-4). Suppose 184 = h - 6*p + m*p, -5*h + 898 = p. What is the hundreds digit of h?
1
Let r(c) = 3*c**2 + 47*c + 111. What is the hundreds digit of r(-39)?
8
Let m(h) = 3*h - 5. Let b be m(8). Suppose -4*r + 133 = -b. What is the units digit of r?
8
Let d(k) = -10*k + k - 24 + 5*k. What is the tens digit of d(-16)?
4
Let i be 14/(-119) + 3011/17. Suppose 0 = 9*s - 255 - i. What is the tens digit of s?
4
Let l = 89 - 86. Suppose 5*k + 40 = 5*n, -3*n = -4*n + 2*k + 13. Suppose 4*d + n*h - 7 = l*d, 4*h = -d + 4. What is the units digit of d?
6
Let j = 337 + 475. What is the tens digit of j?
1
Suppose -5*h + 1005 = 215. Let p = 230 - h. What is the units digit of p/(-16)*38/(-3)?
7
Let r(d) = -d + 9. Let q(k) = k**2 - 10*k + 13. Let a be q(11). Suppose 0 - a = -4*o. What is the units digit of r(o)?
3
Let d = 191 + -9. What is the units digit of d?
2
Suppose 0 = 14*p + 2464 - 6622. Let r = p - 149. What is the hundreds digit of r?
1
Let a(f) = 20*f**2 + 51*f - 8. What is the units digit of a(-7)?
5
Let b(c) = c**3 - 15*c**2 + 2*c - 12. Let u be b(15). What is the tens digit of 225 + 4/(-6)*u/(-4)?
2
Let y(s) = 8*s - 55. Let n be y(8). Let k(o) = -2*o**3 + 21*o**2 - 13*o + 3. What is the units digit of k(n)?
9
Let r be 616/(-6)*30/(-20). Suppose -10 = 4*q - r. What is the units digit of q?
6
Let b = -26 - -30. Suppose -b*u + 7*u - 96 = 0. What is the units digit of u?
2
Let g(u) = -33*u**3 - 3*u**2 + 2. Let p(h) = -h**3 - h**2 + 3*h - 2. Let m be p(1). What is the units digit of g(m)?
2
What is the hundreds digit of 1966 - (-5 - 28/7)?
9
Let n = -4 + 12. Suppose n*q + 10 = 10*q. Suppose q*x = 9*x - 268. What is the tens digit of x?
6
Let z(k) = 2*k**2 - 8*k - 7. Let t be z(5). Suppose 64 = t*q + 2*x - 133, -2*q - 2*x + 134 = 0. What is the units digit of q?
3
Let r be 4*((-3)/(-1))/6. What is the tens digit of (3 - -1) + 142/r?
7
Let l be (-1 + 0 + 163)/(-1). Let v = l - -368. What is the units digit of v?
6
Let r(t) be the third derivative of -5*t**2 + 0*t + 1/24*t**4 + 0 + 3/2*t**3. What is the units digit of r(-5)?
4
Suppose -2*w + r + 131 = -41, 4*w = 4*r + 352. What is the units digit of w?
4
Let m = 263 + 558. What is the hundreds digit of m?
8
Let f = -104 + 203. Suppose 4*k - 643 = -f. What is the hundreds digit of k?
1
Let j = -12 - -15. Suppose -q + 3*q - 3*l = 293, -710 = -5*q + j*l. What is the tens digit of q?
3
Let d(j) = -j**2 - 7*j + 3. Let a be d(-6). Let g(f) = -3 + 0*f - 6*f - a. What is the units digit of g(-6)?
4
Suppose 2*o + 15*o = 85. Suppose 3*t = -3*j + 114, -o*t = 4*j - 261 + 71. What is the tens digit of t?
3
Suppose 0 = 5*m + 4*s - 746, -m = -5*s - 32 - 123. What is the units digit of m?
0
Suppose 25681 - 1513 = 38*c. What is the units digit of c?
6
Let l = -110 + 287. What is the hundreds digit of l?
1
Let c = 3629 - 1902. What is the hundreds digit of c?
7
Let c(q) be the first derivative of -q**4/12 + 13*q**3/6 + 8*q**2 - 9*q + 3. Let g(v) be the first derivative of c(v). What is the tens digit of g(11)?
3
Let p = -9 - -45. Suppose 37*f = p*f + 58. What is the units digit of f?
8
Let p(x) = -2*x + 7. Let g be p(-7). Suppose g = 5*s + 6, 4*s = -d + 122. What is the hundreds digit of d?
1
What is the tens digit of 454 + ((-48)/8 - -2)?
5
Let u = -7 - 22. Let s = u - -39. What is the units digit of s?
0
Suppose -3*u + 3*t = 2*u - 30, -u = 5*t + 22. Suppose -4*a + 21 = -c, -u*a + 4*c + 22 = -10. Suppose a*i - 2*i - 6 = 0. What is the units digit of i?
3
Let k(t) = -t**2 + 10*t + 2. Suppose 4*o = 2*j + 30, 3*o - 4*j = j + 19. Let g be k(o). Suppose 0*b - 3*b + g = 0. What 